{"id":216,"date":"2025-09-28T22:29:36","date_gmt":"2025-09-28T20:29:36","guid":{"rendered":"https:\/\/mrugowski.pl\/?page_id=216"},"modified":"2026-03-21T10:02:48","modified_gmt":"2026-03-21T09:02:48","slug":"czy-czas-przeznaczony-na-marzenie","status":"publish","type":"page","link":"https:\/\/mrugowski.pl\/?page_id=216","title":{"rendered":"CZY CZAS PRZEZNACZONY NA MARZENIA TO CZAS ZMARNOWANY?"},"content":{"rendered":"\n<figure class=\"wp-block-image aligncenter size-full is-resized\"><img loading=\"lazy\" decoding=\"async\" width=\"650\" height=\"486\" src=\"https:\/\/mrugowski.pl\/wp-content\/uploads\/2025\/09\/Marzenia.jpg\" alt=\"\" class=\"wp-image-214\" style=\"width:440px\" srcset=\"https:\/\/mrugowski.pl\/wp-content\/uploads\/2025\/09\/Marzenia.jpg 650w, https:\/\/mrugowski.pl\/wp-content\/uploads\/2025\/09\/Marzenia-300x224.jpg 300w\" sizes=\"auto, (max-width: 650px) 100vw, 650px\" \/><\/figure>\n\n\n\n<p class=\"has-light-green-cyan-color has-primary-background-color has-text-color has-background has-link-color has-normal-font-size wp-elements-9ee4d57b53b9307cd83a836ab1524d33\">Poczucie \u201eg\u0142\u0119bokiej obecno\u015bci\u201d, przebywania w tu i teraz jest stanem umys\u0142u, kt\u00f3ry tak trudno osi\u0105gn\u0105\u0107 goni\u0105c zaj\u0105czka sukcesu, albo gdy zwyczajnie zatracamy si\u0119 w codziennym \u201ewi\u0105zaniu ko\u0144ca z ko\u0144cem\u201d. <\/p>\n\n\n\n<p class=\"has-normal-font-size\">Nawet jednak gdy pojawia si\u0119 wyczekana chwila, kiedy przysiadamy przy kawie, lub lampce wina, wype\u0142niamy j\u0105 przegl\u0105daniem wiadomo\u015bci, maili, wpis\u00f3w w FB, Ista, LinkedIn etc. Staje si\u0119 to obsesj\u0105, jakby przebywanie sam na sam ze sob\u0105 by\u0142o mniej warto\u015bciowe. Czy sami dla siebie nie jeste\u015bmy wi\u0119c wystarczaj\u0105co ciekawym towarzystwem? <strong>Produktywno\u015b\u0107<\/strong>, fetysz wsp\u00f3\u0142czesno\u015bci (szczeg\u00f3lnie podbijana w biznesie), nawet je\u015bli tylko iluzoryczna, wychodzi na plan pierwszy. Uzale\u017cnienie od bod\u017ac\u00f3w jest tak silne, \u017ce cz\u0119sto nie umiemy powstrzyma\u0107 si\u0119 od ci\u0105g\u0142ego przegl\u0105dania informacji w smatfonach, laptopach, tabletach. Nawet w towarzystwie znajomych, przyjaci\u00f3\u0142 czy rodziny.  <\/p>\n\n\n\n<p class=\"has-vivid-red-color has-primary-background-color has-text-color has-background has-link-color has-normal-font-size wp-elements-d3f51f5a1d3db251efafab6ff5f97476\">Kiedy jednak pr\u00f3bujemy przypomnie\u0107 sobie, czego istotnego dowiedzieli\u015bmy si\u0119 z medi\u00f3w, albo w jaki spos\u00f3b informacje te przybli\u017cy\u0142y nas to do realizacji naszych cel\u00f3w, mamy z tym k\u0142opot. Poza bol\u0105c\u0105 g\u0142owa, uczuciem straconego czasu i <strong>przebod\u017acowania<\/strong>, nie zostaje wiele. <\/p>\n\n\n\n<p class=\"has-normal-font-size\">Gdzie wi\u0119c przestrze\u0144 na wejrzenie w siebie, gdzie czas na marzenia? Wraz dorastaniem, coraz bardziej lekcewa\u017cymy funkcj\u0119 marze\u0144, jakby by\u0142y czym\u015b wstydliwym, infantylnym. A \u015bwiadome dzia\u0142anie i wyznaczanie w\u0142a\u015bciwych, istotnych cel\u00f3w zaczyna si\u0119 w\u0142a\u015bnie tam, gdzie u\u015bwiadamiamy sobie, czego tak naprawd\u0119 pragniemy. Aby jednak osi\u0105gn\u0105\u0107 ten stan trzeba wykona\u0107 wysi\u0142ek i zatrzyma\u0107 si\u0119 w miejscu, od\u0142o\u017cy\u0107 telefon i pozwoli\u0107, aby czas pop\u0142yn\u0105\u0142 nie przez nas, a obok. <\/p>\n\n\n\n<p class=\"has-pale-cyan-blue-color has-primary-background-color has-text-color has-background has-link-color has-normal-font-size wp-elements-88561434ea003bed634bd8b9fec1a26c\">Wejrzenie w siebie jest procesem powolnym, kt\u00f3ry zaczyna si\u0119 od wyciszenia, pustki w g\u0142owie, kt\u00f3ra mo\u017ce by\u0107 niepokoj\u0105ca. Potem jednak dziej\u0105 si\u0119 cuda, cho\u0107 oczywi\u015bcie nie zawsze. Tutaj bowiem nie istnieje poj\u0119cie produktywno\u015bci! <\/p>\n\n\n\n<p class=\"has-ti-bg-color has-pale-cyan-blue-background-color has-text-color has-background has-link-color has-normal-font-size wp-elements-56c7d54b2b06242afdee96970646588a\"><a href=\"https:\/\/www.linkedin.com\/posts\/smrugowski_czemu-wraz-z-dojrzewaniem-coraz-bardziej-activity-7377628817567338497-fdwm?utm_source=share&amp;utm_medium=member_desktop&amp;rcm=ACoAABsytdABy2zYDrGUn8OnmKnUi53EhaJelX0\">A mo\u017ce si\u0119 myl\u0119? Jak jest u was z tymi marzeniami?<\/a><\/p>\n","protected":false},"excerpt":{"rendered":"<p>Poczucie \u201eg\u0142\u0119bokiej obecno\u015bci\u201d, przebywania w tu i teraz jest stanem umys\u0142u, kt\u00f3ry tak trudno osi\u0105gn\u0105\u0107 goni\u0105c zaj\u0105czka sukcesu, albo gdy zwyczajnie zatracamy si\u0119 w codziennym \u201ewi\u0105zaniu ko\u0144ca z ko\u0144cem\u201d. Nawet jednak gdy pojawia si\u0119 wyczekana chwila, kiedy przysiadamy przy kawie, lub lampce wina, wype\u0142niamy j\u0105 przegl\u0105daniem wiadomo\u015bci, maili, wpis\u00f3w w FB, Ista, LinkedIn etc. Staje [&hellip;]<\/p>\n","protected":false},"author":1,"featured_media":0,"parent":0,"menu_order":0,"comment_status":"closed","ping_status":"closed","template":"","meta":{"footnotes":""},"class_list":["post-216","page","type-page","status-publish","hentry"],"_links":{"self":[{"href":"https:\/\/mrugowski.pl\/index.php?rest_route=\/wp\/v2\/pages\/216","targetHints":{"allow":["GET"]}}],"collection":[{"href":"https:\/\/mrugowski.pl\/index.php?rest_route=\/wp\/v2\/pages"}],"about":[{"href":"https:\/\/mrugowski.pl\/index.php?rest_route=\/wp\/v2\/types\/page"}],"author":[{"embeddable":true,"href":"https:\/\/mrugowski.pl\/index.php?rest_route=\/wp\/v2\/users\/1"}],"replies":[{"embeddable":true,"href":"https:\/\/mrugowski.pl\/index.php?rest_route=%2Fwp%2Fv2%2Fcomments&post=216"}],"version-history":[{"count":3,"href":"https:\/\/mrugowski.pl\/index.php?rest_route=\/wp\/v2\/pages\/216\/revisions"}],"predecessor-version":[{"id":689,"href":"https:\/\/mrugowski.pl\/index.php?rest_route=\/wp\/v2\/pages\/216\/revisions\/689"}],"wp:attachment":[{"href":"https:\/\/mrugowski.pl\/index.php?rest_route=%2Fwp%2Fv2%2Fmedia&parent=216"}],"curies":[{"name":"wp","href":"https:\/\/api.w.org\/{rel}","templated":true}]}}

<figure class="wp-block-image aligncenter size-full is-resized"><img loading="lazy" decoding="async" width="650" height="486" src="https://mrugowski.pl/wp-content/uploads/2025/09/Marzenia.jpg" alt="" class="wp-image-214" style="width:440px" srcset="https://mrugowski.pl/wp-content/uploads/2025/09/Marzenia.jpg 650w, https://mrugowski.pl/wp-content/uploads/2025/09/Marzenia-300x224.jpg 300w" sizes="auto, (max-width: 650px) 100vw, 650px" /></figure>



<p class="has-light-green-cyan-color has-primary-background-color has-text-color has-background has-link-color has-normal-font-size wp-elements-9ee4d57b53b9307cd83a836ab1524d33">Poczucie „głębokiej obecności”, przebywania w tu i teraz jest stanem umysłu, który tak trudno osiągnąć goniąc zajączka sukcesu, albo gdy zwyczajnie zatracamy się w codziennym „wiązaniu końca z końcem”. </p>



<p class="has-normal-font-size">Nawet jednak gdy pojawia się wyczekana chwila, kiedy przysiadamy przy kawie, lub lampce wina, wypełniamy ją przeglądaniem wiadomości, maili, wpisów w FB, Ista, LinkedIn etc. Staje się to obsesją, jakby przebywanie sam na sam ze sobą było mniej wartościowe. Czy sami dla siebie nie jesteśmy więc wystarczająco ciekawym towarzystwem? <strong>Produktywność</strong>, fetysz współczesności (szczególnie podbijana w biznesie), nawet jeśli tylko iluzoryczna, wychodzi na plan pierwszy. Uzależnienie od bodźców jest tak silne, że często nie umiemy powstrzymać się od ciągłego przeglądania informacji w smatfonach, laptopach, tabletach. Nawet w towarzystwie znajomych, przyjaciół czy rodziny.  </p>



<p class="has-vivid-red-color has-primary-background-color has-text-color has-background has-link-color has-normal-font-size wp-elements-d3f51f5a1d3db251efafab6ff5f97476">Kiedy jednak próbujemy przypomnieć sobie, czego istotnego dowiedzieliśmy się z mediów, albo w jaki sposób informacje te przybliżyły nas to do realizacji naszych celów, mamy z tym kłopot. Poza bolącą głowa, uczuciem straconego czasu i <strong>przebodźcowania</strong>, nie zostaje wiele. </p>



<p class="has-normal-font-size">Gdzie więc przestrzeń na wejrzenie w siebie, gdzie czas na marzenia? Wraz dorastaniem, coraz bardziej lekceważymy funkcję marzeń, jakby były czymś wstydliwym, infantylnym. A świadome działanie i wyznaczanie właściwych, istotnych celów zaczyna się właśnie tam, gdzie uświadamiamy sobie, czego tak naprawdę pragniemy. Aby jednak osiągnąć ten stan trzeba wykonać wysiłek i zatrzymać się w miejscu, odłożyć telefon i pozwolić, aby czas popłynął nie przez nas, a obok. </p>



<p class="has-pale-cyan-blue-color has-primary-background-color has-text-color has-background has-link-color has-normal-font-size wp-elements-88561434ea003bed634bd8b9fec1a26c">Wejrzenie w siebie jest procesem powolnym, który zaczyna się od wyciszenia, pustki w głowie, która może być niepokojąca. Potem jednak dzieją się cuda, choć oczywiście nie zawsze. Tutaj bowiem nie istnieje pojęcie produktywności! </p>



<p class="has-ti-bg-color has-pale-cyan-blue-background-color has-text-color has-background has-link-color has-normal-font-size wp-elements-56c7d54b2b06242afdee96970646588a"><a href="https://www.linkedin.com/posts/smrugowski_czemu-wraz-z-dojrzewaniem-coraz-bardziej-activity-7377628817567338497-fdwm?utm_source=share&amp;utm_medium=member_desktop&amp;rcm=ACoAABsytdABy2zYDrGUn8OnmKnUi53EhaJelX0">A może się mylę? Jak jest u was z tymi marzeniami?</a></p>

<p>Poczucie „głębokiej obecności”, przebywania w tu i teraz jest stanem umysłu, który tak trudno osiągnąć goniąc zajączka sukcesu, albo gdy zwyczajnie zatracamy się w codziennym „wiązaniu końca z końcem”. Nawet jednak gdy pojawia się wyczekana chwila, kiedy przysiadamy przy kawie, lub lampce wina, wypełniamy ją przeglądaniem wiadomości, maili, wpisów w FB, Ista, LinkedIn etc. Staje [&hellip;]</p>
